*2 + v + 4. Let h be y(10). Let q = h + -49. Suppose q - 7 = j. What is the tens digit of j?
5
Let g(c) = -132*c + 20. Let y be g(-13). Suppose z = 9*z - y. Suppose -2*i - d = -z, -4*i + 5*i - 92 = 5*d. What is the hundreds digit of i?
1
Suppose -13*k - 2*t - 1196 = -11*k, 5*t - 10 = 0. Let h = 975 + k. What is the tens digit of h?
7
Suppose 17*j - 55*j + 184034 = 0. What is the units digit of j?
3
Let u(c) = -47*c**2 + 4*c**2 + 112*c**2 + 3*c - 4 - c. What is the units digit of u(2)?
6
Let p = 28048 - 15752. What is the hundreds digit of p?
2
Let i = 297 + -294. Suppose -3*z = -2*w - 118, i*z + 8*w = 6*w + 98. What is the tens digit of z?
3
Let a = -2640 + 5247. Let j = a + -1299. What is the tens digit of j?
0
Let c be (1/3)/(-1 - (-64)/60). Suppose -5*u + 3*k + 1385 = k, 525 = 2*u + c*k. What is the hundreds digit of u?
2
Let c(p) = 117*p**2 + 6*p - 77. What is the tens digit of c(5)?
7
Let n be (-18)/(-48)*8 - 0/(-2). Suppose 6*m + q - 2125 = 2*m, -n*m = 2*q - 1600. What is the units digit of m?
0
Let d(x) = 2*x + 4. Let r(f) = -f - 2. Let h(v) = -4*d(v) - 9*r(v). Let l be h(4). Suppose l*t + 1071 = 15*t. What is the tens digit of t?
1
Let v(d) = 209*d**3 + 2*d**2 + 90*d - 337. What is the units digit of v(4)?
1
Let i be (-18 - -147 - 0/1) + -5. What is the units digit of (i/(-10))/(2/50*-5)?
2
Let t(x) = -61*x**3 - 7*x**2 - 6*x - 37. What is the tens digit of t(-5)?
4
Let j(x) = 111*x - 86. Let t be j(12). Let w = t - 516. What is the tens digit of w?
3
Suppose f - 168 = -0*f + 3*q, 4*q = -4*f + 608. Let l be (f/5)/4 + 2/10. Let b(a) = -a**3 + 11*a**2 - 10*a - 10. What is the units digit of b(l)?
2
Let m = -2130 + 287. Let h = m + 2854. What is the hundreds digit of h?
0
Suppose 16*t = 4*s + 18*t - 14, -t = 4*s - 17. Suppose 1729 = 4*q + s*a, 3*a + 725 = -3*q + 2021. What is the hundreds digit of q?
4
Let x = -14 - -15. Let a be (0 + x + 0)/(2/132). What is the units digit of a/10 - 12/(-30)?
7
Let i(k) be the first derivative of 4*k**3 + k**2/2 - 40*k - 83. What is the units digit of i(-9)?
3
Let x(f) = -f**3 + 4*f**2 - 5*f + 3. Let q be x(2). Let d be q*(-2 - -6) - -4. What is the tens digit of 4/6 + (d - 2848/(-12))?
4
Let o(f) = -f**2 - 2*f + 15. Let y be o(-5). Suppose 13*i - 11*i - 1146 = y. What is the units digit of i?
3
Suppose 0 = 6*u - 48 - 132. Let q(r) = 21*r + 110. What is the units digit of q(u)?
0
Suppose -2*d + 938 = 5*b, -3*d + 30*b - 27*b + 1449 = 0. Suppose -5*t = 3*q - 7164 + d, -1337 = -t - 5*q. What is the thousands digit of t?
1
Suppose -5*b + 10*a + 1285 = 5*a, 0 = -b - 4*a + 267. Suppose -y + b = 2*c, 2*y = 4*y - c - 513. What is the hundreds digit of y?
2
Let f(z) = z**3 - 53*z**2 + 81*z - 163. Let c be f(52). Let b = 1966 - c. What is the units digit of b?
1
Suppose 5*q - 19 = l, -2*l = -4*l + q - 11. What is the hundreds digit of ((-70)/6)/((l/42)/2)?
2
Let y(h) = -h**3 + 13*h**2 - 3*h + 3. Let a be y(12). Suppose -a = 12*z - 15*z. Suppose -3*f = -4*f + 4*u + 49, -z = -f + u. What is the tens digit of f?
3
Let g(h) be the second derivative of 14*h**4/3 - 13*h**3/6 + 33*h**2 - 86*h. What is the thousands digit of g(5)?
1
Suppose -4*t + 151*t - 3293535 = 0. What is the ten thousands digit of t?
2
Suppose 364*c = 387*c - 81305. What is the thousands digit of c?
3
Suppose 2*c = -5*b + 13, 2*c - 34 = -4*b + 6*b. What is the units digit of (7/c*2)/(1/522)?
2
Let s(p) = 2*p**3 - 2*p**2 + 3*p + 3. Let c be s(5). Suppose 5*x = -3*d + 19 + 62, -d + 3*x + 27 = 0. Suppose -d*t - c = -29*t. What is the units digit of t?
9
Let k be (-210)/(-112) - (-2)/16. Suppose -p = -k*p + 3*p. Suppose p = -84*w + 80*w + 36. What is the units digit of w?
9
Let f(c) = 10*c**2 - 12*c - 11. Let r be f(-5). Suppose d = r + 567. What is the hundreds digit of d?
8
Suppose 2*n - 5*f = 191, -f + 132 - 552 = -5*n. Let x = n - 30. Let d = x + -15. What is the units digit of d?
8
Let u be 2/((-33)/(-6) - 5). Let v be (-4 - 2)/(u/(-4)). Suppose -j = -v*j + 110. What is the units digit of j?
2
Let i be (1 - (-12)/(-9))/(5/(-105)). Suppose 0 = -i*q + 2*q - 505. What is the tens digit of (2/2 - 4) + 6 - q?
0
Let a(l) = 106*l + 48. Let g(i) = -2*i + 3. Let q(x) = -2*a(x) + 36*g(x). What is the units digit of q(-1)?
6
Suppose -5*b + 25 + 10 = 0, -5*b + 199723 = 4*w. What is the tens digit of w?
2
Suppose o + 186 - 3632 = 0. Suppose -5*n - f = 2*f - 5722, 3*n - o = -5*f. Suppose -n = -13*b + 860. What is the hundreds digit of b?
1
Suppose -2*j = -6*j + 12. Suppose 0*s = j*s - 1824. What is the units digit of 4/(-12) + s/6?
1
Let t(m) be the second derivative of m**5/10 - m**4/3 - m**3/2 + 5*m**2/2 - m + 4. Suppose 3*q - 11 = -2*d + 1, -2*q + 8 = -d. What is the units digit of t(q)?
7
Suppose -201*f - 24887 = -205*f - 5*z, 4*f + 3*z = 24881. What is the units digit of f?
8
Let q(r) = 2*r**3 + 20*r**2 + 14*r + 42. Let d be q(-8). Let l be ((-4)/(-6))/((-4)/(-6)). What is the tens digit of l + d + (2 - -1)?
9
Let j(m) = -27*m**3 - 4*m**2 - 71*m + 11. What is the ten thousands digit of j(-8)?
1
Let f = 12 + -14. Let t be f - (-4)/(-8)*-242. Suppose -3*u - 664 = -g - 4*g, 4*u - t = -g. What is the hundreds digit of g?
1
Suppose -1133*q + 1131*q - 8 = 0, 3*l - 5*q - 124709 = 0. What is the thousands digit of l?
1
Let i = -11 + -29. Let p = i - -44. Suppose 0 = p*c - 50 - 114. What is the tens digit of c?
4
Suppose 0 = -246*i + 6840710 + 25396. What is the units digit of i?
1
Let d = -1066 + 1070. Let t(w) = w**3. Let h(m) = 3*m**3 + 5*m**2 - 3*m + 2. Let q(r) = h(r) - 2*t(r). What is the tens digit of q(d)?
3
Let a = 4327 + 3496. What is the thousands digit of a?
7
Suppose -5*w - 3*c = -5 - 52, 0 = -5*w + 4*c + 29. Suppose w*a - 568 = 13*a. Let m = a - -217. What is the units digit of m?
5
Let a(y) = 7*y**2 + 9*y + 21. Let x be (-639)/18 - 3/6. Let w be (x/(-8) + -5)/((-1)/(-10)). What is the hundreds digit of a(w)?
1
Suppose -49*i + 71*i = 330. Let m(s) = 4*s**2 + 20 - 6*s - 2*s - 3*s**2. What is the tens digit of m(i)?
2
Let d(u) = -u - 1. Let n be d(-4). Suppose -5*a - n*y = 2*y + 65, -2*y = 4. Let w = a - -26. What is the units digit of w?
5
Let k be -2*2/4*(2 - 187). Suppose -2*p + 1015 = 2*d + k, 3*d = -3. What is the hundreds digit of p?
4
Let q be 112/(-7) - (-3 - 6). What is the tens digit of q + (5 - 0) + 89?
8
Let j = 127 + -31. Suppose j*w - 91*w = -45. Let r(h) = -h**3 - 9*h**2 - 9*h + 19. What is the tens digit of r(w)?
0
Suppose 235 = 3*g + 2683. Let h = -264 - g. What is the units digit of h?
2
Suppose -15*p + 18*p - 4597 = 31724. What is the units digit of p?
7
Let y be 714/(-24) - 6/24. Let i be (-2)/9 - (-176)/(-18). What is the tens digit of (i/y)/((-2)/(-212))*3?
0
Let s = -117 - 115. Let c = s + 769. What is the hundreds digit of c?
5
Let v(q) = 72*q**2 + 2335*q + 45. What is the ten thousands digit of v(-38)?
1
Let p(r) = r**3 - 14*r**2 + 12*r + 18. Let i be p(13). Suppose 0 = i*f - 0*f - 15. What is the tens digit of (4/(-10))/(5/(-825)*f)?
2
Let d(i) = -i - 5. Let s be d(-3). Let o be s + 9 + -1 - -4. Suppose -o = 3*t - 358. What is the tens digit of t?
1
Suppose t + 164 = 5*d, 0 = -2*d + 8*t - 6*t + 72. What is the hundreds digit of (5196/15)/(d/80)?
8
Let g be 130*3/24*-4. Let c = -61 - g. Suppose 3*o = 0, -5*r - 4*o = -201 - c. What is the tens digit of r?
4
Let h = -86 - -147. Suppose -5*y + 160 - 33 = -2*f, -3*y + 5*f + h = 0. Suppose 26*m + 27 = y*m. What is the units digit of m?
7
Let o(x) = -708*x + 10876. What is the ten thousands digit of o(-93)?
7
Let l(r) = -15*r**2 + 13*r - 4. Let z be l(12). Let x be ((-4)/2)/(4/z). What is the tens digit of 5 - x/(-12) - 12/(-9)?
9
Let u(a) = -11*a + 82. Let i be u(-28). Suppose -388*r = -i*r + 826. What is the tens digit of r?
1
Let g(j) = 6*j**2 - 2*j + 0*j + 3 + 5*j. Let q(u) = -7*u**2 - 4*u - 3. Let y(m) = 5*g(m) + 4*q(m). What is the tens digit of y(3)?
1
Let r = -23 - -32. Suppose -r*k + 293 = 50. What is the tens digit of k?
2
Let m(u) = 39*u**3 + 14*u**2 - 13*u - 90. What is the ten thousands digit of m(7)?
1
Let w = 26245 - 2655. What is the units digit of w?
0
Suppose 7*s - 181 = -3*p + 3*s, 0 = 3*p + 3*s - 183. Let y = p + -11. Let o = y + -6. What is the tens digit of o?
4
Suppose -o - 2 + 14 = -3*a, -2*o = a - 3. What is the hundreds digit of (19455/105)/(a/(-21))?
2
Sup